ided by v.
17
Suppose 6*z - 1296 = 756. Calculate the remainder when z is divided by 23.
20
Suppose -n - 8 = -5. Let s(c) = -3*c**3 + 4*c**3 - 11*c + 28*c + 5*c**2 - 19*c. Calculate the remainder when s(n) is divided by 7.
3
Let t(x) be the first derivative of x**3 - 15*x**2/2 - 8*x + 2. What is the remainder when t(7) is divided by 7?
6
Suppose -30 = -2*n + 3*z + 2*z, 0 = -2*z. Let r be (-3)/n - 112/(-35). Suppose r*h - 4*h = -15. What is the remainder when 28 is divided by h?
13
Suppose -x + 798 = 13*x. Calculate the remainder when x is divided by 4/14 - (-138)/7.
17
Let o(d) = -d**3 - 9*d**2 + 2*d + 11. Let f be (-4)/5*(-50)/(-4). Let i(w) = -22*w + 1. What is the remainder when o(f) is divided by i(-1)?
22
Let w(q) = -q**3 - 4*q**2 - 1. Let a be w(-3). Let l(n) = 2*n**2 + 15*n + 7. What is the remainder when l(a) is divided by 10?
7
Let s(t) = t**3 + 6*t**2 - 8*t + 15. What is the remainder when 214 is divided by s(2)?
28
Let b be (-5)/3*(-7 + 4). Let r(a) = a**2 + 2*a - 9. Calculate the remainder when ((-4)/(-4))/((-1)/(-101)) is divided by r(b).
23
Let n(v) = v**3 - 3*v**2 + 4*v. Calculate the remainder when n(4) is divided by (-18)/45 + (348/20 - 0).
15
Let t be (-3)/5 + (-628)/20 + 3. Let s = t + 64. Calculate the remainder when 174 is divided by s.
34
Suppose -3*h + w = -w - 1188, 4*h - 1591 = 5*w. What is the remainder when h is divided by 33?
31
Suppose -741 - 29 = -5*j - 2*i, -3*i + 770 = 5*j. Let v = j - 125. What is the remainder when 52 is divided by v?
23
Suppose 2*p - 66 = 2*u - 6*u, 66 = 3*p - 5*u. Let f = p + 66. Let y = -268 - -300. What is the remainder when f is divided by y?
29
Let d(i) = i**2 - 4*i + 4. Let b be d(4). Suppose -b*n = t - 4*t - 33, 2*t - 2*n + 24 = 0. What is the remainder when 13 is divided by t/(-6)*16/5?
5
Let h = 17 - 10. Calculate the remainder when 221/(-39) + (-4)/(-6) - (-3 - 22) is divided by h.
6
Let v(a) = a**2 + 18*a - 8. Let u be 11 - 2 - (6 + -5). Let w(n) = n**2 - 3*n - 8. What is the remainder when w(u) is divided by v(-19)?
10
Suppose -5*g - y + 73 = -515, 5*g - y - 592 = 0. Calculate the remainder when g is divided by 30.
28
Suppose 2*m = h - 28, 86*h = 89*h - 4*m - 76. Suppose 61 + 34 = 5*t. Calculate the remainder when h is divided by t.
1
Let t = 11 + -19. Let q be (-1*1)/(t/24). Suppose 3*w - 9 - 9 = -b, -q*b - 3*w = -48. What is the remainder when 29 is divided by b?
14
Let s = 31 + -17. Suppose 34 = 5*a - 3*q - q, 2*a - 2*q = s. What is the remainder when 2/3*261/a is divided by 16?
13
Suppose 5*i = 62 + 83. Let p(f) = 2*f**3 + f**2 - 1. Let j be p(-1). Calculate the remainder when i is divided by (6 + -7)*5*j.
9
What is the remainder when -2*3*1370/(-60) is divided by 22?
5
Let o(f) = f - 24. Calculate the remainder when (-1 + 123)/2 + 0 is divided by o(33).
7
Let j = 33 - 25. Let w be (-2)/9 + (-1468)/36. Let a = -20 - w. What is the remainder when a is divided by j?
5
Suppose -135 = -80*h + 75*h. What is the remainder when h is divided by 15?
12
Let f = -120 - -235. Suppose -r + 5*r = b + 158, -3*r + f = b. Let i(m) = 10*m**2. What is the remainder when r is divided by i(-1)?
9
Suppose -5*a - 25 = -0, 0 = -5*y + a + 170. Let o = 7 + -12. Let l = o + 14. Calculate the remainder when y is divided by l.
6
Let c(d) = d**2 - 2*d + 1. Suppose 0*f - 10 = -f. Suppose 4*y = -5*i - f, -3*y = 2*i + y + 4. What is the remainder when c(i) is divided by 4?
1
Let q = -47 + 70. What is the remainder when 202 is divided by q?
18
Suppose -8*p + 2*p + 156 = 0. Calculate the remainder when p is divided by 15.
11
Suppose -5*x + 180 = -0*g - 2*g, -5*x = -g - 175. What is the remainder when (-18)/(-135) + (-2964)/(-45) is divided by x?
32
Suppose -x - 64 = -2*h, -2*x = -2*h + 66 - 2. Let m(s) = -8*s - 2. Let j be m(-1). What is the remainder when h is divided by (-16)/j*(-36)/8?
8
Suppose 10*x - 2*o - 34 = 6*x, -4*x + 31 = -3*o. Calculate the remainder when x is divided by 5.
0
Suppose 17 + 1 = 2*c - 4*w, 0 = -4*c + 2*w + 12. Let h(s) = -8 - 3*s - c + 4*s. What is the remainder when 20 is divided by h(16)?
6
Suppose o - 97 = -4*w + 143, -5*w = o - 301. Calculate the remainder when 243 is divided by w.
60
Suppose -4*s = -4*f + 20, 9*s - 4*s = -3*f - 57. Let l = -6 - s. Calculate the remainder when 14 is divided by l.
2
Suppose 0 = 5*i, -3*h - 3*i + i = -9. Suppose n = h*c + c + 22, 0 = -4*n - 2*c - 2. Calculate the remainder when 1 + 1 + (4 - 3) is divided by n.
1
What is the remainder when 4077/45 - 8/(-20) is divided by 24?
19
Let x(j) = -192*j + 96*j + 92*j - 14. Calculate the remainder when 2/(-3)*(-15 - 0) is divided by x(-5).
4
Let t(v) = -4*v - 80. Calculate the remainder when t(-34) is divided by 40.
16
Let y(b) = -b**3 + 2*b**2 + 10*b + 13. What is the remainder when y(-5) is divided by 0 + (-2 + -3)/((-2)/8)?
18
What is the remainder when ((-4572)/16)/(7/(-28)) is divided by 11?
10
Suppose 5*d - 25 - 80 = 0. Suppose d = -0*f + 3*f. What is the remainder when 11 is divided by f?
4
Suppose 2*d + 2 = 4. Let b be (-182)/(-13)*3/2. Suppose 20 = -3*j - j, 0 = 2*f + 5*j + b. Calculate the remainder when f is divided by d.
0
Suppose 0 = 15*i - 19*i. What is the remainder when 32 is divided by (17 - 4) + -2 - i?
10
Suppose 0 = 5*n - 189 + 139. Let o be (1 - -2)/(9/6). What is the remainder when 36 + (3 - (0 + o)) is divided by n?
7
Let g = -29 - -54. Let y = 763 - 750. What is the remainder when g is divided by y?
12
Let v(j) = 45*j - 485. What is the remainder when v(35) is divided by 13?
11
Suppose 2667 = 3*f + 2376. Let w(o) = 8*o + 1. Calculate the remainder when f is divided by w(3).
22
Suppose -32 = -33*a + 25*a. Let z = 11 - 8. Suppose -z*i + 119 = i + m, -i - a*m = -26. What is the remainder when i is divided by 8?
6
What is the remainder when 154 is divided by (-3 - (-352)/12) + 6/(-18)?
24
Suppose b - 4*l = 29, -l + 2*l + 79 = 2*b. Let r(h) = -4*h - 79. What is the remainder when b is divided by r(-22)?
5
Let q = 303 + -286. Let x(j) = -4*j**3 + j**2 + 4*j + 3. Calculate the remainder when x(-2) is divided by q.
14
Let m(r) = r + 4. Let a be m(-3). Suppose 0 = -k + 3*k - 6. Calculate the remainder when k - (a - (0 + 2)) is divided by 2.
0
Let d(n) = 2*n**2 - 13*n + 17. Let y = 23 + -3. What is the remainder when y is divided by d(6)?
9
Suppose -111 + 54 = -3*i. Let a(v) = -v**3 + 10*v**2 - 7*v - 8. What is the remainder when a(6) is divided by i?
18
Let v = -8 + 16. Suppose -4*m - b = -4*b - 83, m - 16 = -4*b. Calculate the remainder when m is divided by v.
4
Suppose 0 = -6*l + 8*l. Suppose -b - 4*b = l. Suppose b = -4*q + 4, 4*q - 14 = 3*n - 4*n. What is the remainder when n is divided by 4?
2
Suppose 0 = 2*q - 5*x - 299, 2*x + 628 = 4*q - 2*x. What is the remainder when q is divided by 41?
39
Let o(q) = 2*q**2 - 13*q + 3. Let y be o(5). What is the remainder when (-8)/y + (-76)/(-3) is divided by 6?
2
Let a = 20 - 18. Suppose -2*s + 4*b = -0*b, b = -s + 6. Suppose 0 = h - s + 2. Calculate the remainder when a is divided by h.
0
What is the remainder when 41 is divided by ((-2)/(-4)*-3)/(213/(-5538))?
2
Let j(i) = -i**2 + 19*i - 12. What is the remainder when 47 is divided by j(18)?
5
Let k = 35 - -3. Suppose -3*m - 6*r = -5*r - 57, k = 2*m - 5*r. What is the remainder when 33 is divided by m?
14
Suppose 42 = 8*y + 10. What is the remainder when 2 - y - -3 - -12 is divided by 9?
4
Let g(o) = 6*o - 21. Let w be (20 - 15) + (2 - 0). Calculate the remainder when 59 is divided by g(w).
17
Let h(r) = -r**3 - 8*r**2 + 6*r - 17. Let c be (4/7)/((-16)/(-56)). Calculate the remainder when ((c + -3)*38)/(-2) is divided by h(-9).
9
Suppose 2*z + s - 57 = 0, -z + 42 = s - 5*s. Calculate the remainder when 173/3 + (-6)/(-45)*10 is divided by z.
29
Let i = -1613 + 1629. Calculate the remainder when 49 is divided by i.
1
Let g(i) = -19*i + 5. Let a be g(-4). Suppose -187 = -4*m + a. Suppose 101 = 6*f - 37. Calculate the remainder when m is divided by f.
21
Suppose 3*c + 4*m = 391, 0*c = 4*c + 3*m - 533. What is the remainder when c is divided by 5?
2
What is the remainder when 357*((-14)/6 - -3) is divided by (-2)/(-2 - ((-429)/72 - -4))?
46
Suppose 2*z - 63 = -22*s + 17*s, 4*z - s = 159. Calculate the remainder when 150 is divided by z.
33
Let c(h) = -h - 1. Let a be c(-3). Suppose a*n + b = 37, n -